ommon factor of 11780 and 40?
20
Calculate the greatest common factor of 321 and 749.
107
What is the highest common divisor of 8 and 14?
2
Calculate the highest common divisor of 43 and 2537.
43
What is the highest common divisor of 49 and 196?
49
What is the greatest common divisor of 76 and 114?
38
Calculate the greatest common factor of 3402 and 70.
14
What is the highest common factor of 81 and 2187?
81
What is the highest common factor of 1430 and 55?
55
Calculate the highest common divisor of 45 and 108.
9
Calculate the greatest common factor of 41762 and 314.
314
What is the greatest common factor of 64 and 1088?
64
What is the highest common divisor of 3 and 123?
3
Calculate the greatest common factor of 124 and 155.
31
Calculate the highest common divisor of 130 and 290.
10
Calculate the highest common factor of 100 and 750.
50
Calculate the greatest common divisor of 63 and 210.
21
Calculate the highest common divisor of 9386 and 76.
38
Calculate the highest common factor of 52 and 91.
13
Calculate the greatest common divisor of 19883 and 59.
59
What is the greatest common divisor of 138 and 46?
46
Calculate the greatest common divisor of 169 and 39.
13
Calculate the greatest common divisor of 378 and 1080.
54
Calculate the greatest common factor of 2534 and 14.
14
What is the greatest common divisor of 33446 and 42?
14
Calculate the highest common divisor of 5 and 170.
5
What is the greatest common factor of 280 and 2548?
28
Calculate the greatest common divisor of 110 and 8195.
55
What is the greatest common divisor of 1360 and 102?
34
What is the greatest common divisor of 9 and 201?
3
Calculate the greatest common factor of 161 and 154.
7
Calculate the greatest common factor of 200 and 7900.
100
What is the greatest common factor of 430 and 172?
86
What is the greatest common factor of 7263 and 18?
9
Calculate the greatest common factor of 72 and 226.
2
Calculate the greatest common factor of 7344 and 48.
48
Calculate the highest common factor of 9588 and 204.
204
Calculate the highest common factor of 210 and 6230.
70
What is the greatest common factor of 1534 and 104?
26
What is the greatest common divisor of 4 and 13?
1
Calculate the highest common factor of 3125 and 375.
125
What is the greatest common divisor of 1 and 37?
1
Calculate the greatest common factor of 630 and 10.
10
What is the greatest common factor of 11247 and 163?
163
Calculate the greatest common divisor of 36624 and 109.
109
Calculate the highest common factor of 60 and 255.
15
What is the greatest common divisor of 1975 and 75?
25
Calculate the greatest common divisor of 15 and 51.
3
Calculate the highest common divisor of 1870 and 510.
170
Calculate the greatest common factor of 63 and 109809.
63
What is the highest common divisor of 4768 and 64?
32
Calculate the greatest common divisor of 46 and 1978.
46
Calculate the highest common divisor of 1824 and 19.
19
Calculate the greatest common divisor of 8 and 2228.
4
Calculate the highest common factor of 255 and 34935.
255
What is the greatest common divisor of 5655 and 30?
15
Calculate the greatest common divisor of 155 and 5.
5
What is the highest common factor of 264 and 111?
3
What is the greatest common divisor of 35 and 4347?
7
Calculate the greatest common divisor of 20568 and 96.
24
What is the highest common divisor of 5054 and 14?
14
Calculate the highest common factor of 2024 and 24.
8
Calculate the highest common divisor of 56 and 72.
8
Calculate the greatest common factor of 160 and 128.
32
What is the highest common factor of 136 and 2244?
68
Calculate the greatest common divisor of 564 and 47.
47
What is the highest common divisor of 242 and 26378?
242
Calculate the greatest common factor of 1152 and 1008.
144
What is the greatest common factor of 244 and 4?
4
What is the highest common factor of 20 and 290?
10
What is the greatest common divisor of 312 and 351?
39
What is the greatest common factor of 7 and 511?
7
Calculate the highest common divisor of 726 and 198.
66
What is the highest common divisor of 665 and 1064?
133
What is the greatest common factor of 828 and 36?
36
What is the highest common factor of 17785 and 5?
5
Calculate the highest common factor of 15 and 795.
15
Calculate the highest common divisor of 126 and 14.
14
Calculate the highest common factor of 10 and 95.
5
Calculate the greatest common divisor of 5 and 145.
5
Calculate the greatest common factor of 899 and 928.
29
Calculate the highest common divisor of 8 and 104.
8
What is the highest common divisor of 580 and 174?
58
Calculate the greatest common divisor of 403 and 273.
13
Calculate the highest common factor of 69 and 57.
3
What is the greatest common factor of 4066 and 152?
38
Calculate the greatest common factor of 320 and 5.
5
Calculate the highest common divisor of 64 and 96.
32
What is the highest common divisor of 324 and 270?
54
What is the greatest common factor of 100 and 150?
50
What is the highest common factor of 92 and 6187?
23
What is the greatest common divisor of 141 and 3?
3
What is the greatest common divisor of 36 and 324?
36
Calculate the highest common divisor of 2795 and 520.
65
Calculate the highest common divisor of 11 and 88.
11
Calculate the greatest common factor of 268 and 4.
4
What is the greatest common factor of 45 and 225?
45
Calculate the greatest common divisor of 2 and 214.
2
Calculate the highest common factor of 251 and 9.
1
Calculate the greatest common factor of 6976 and 64.
64
Calculate the highest common divisor of 83 and 166.
83
What is the highest common factor of 6 and 18?
6
Calculate the greatest common divisor of 2192 and 411.
137
What is the greatest common factor of 11 and 1881?
11
Calculate the greatest common factor of 8 and 528.
8
Calculate the greatest common divisor of 56680 and 109.
109
What is the highest common divisor of 6 and 183?
3
What is the greatest common factor of 336 and 21?
21
What is the highest common divisor of 92 and 782?
46
Calculate the greatest common factor of 16 and 3072.
16
Calculate the greatest common divisor of 283 and 2.
1
What is the highest common divisor of 80 and 536?
8
Calculate the highest common factor of 65 and 45.
5
Calculate the greatest common factor of 66 and 12.
6
What is the greatest common divisor of 891 and 81?
81
Calculate the greatest common factor of 2881 and 172.
43
What is the greatest common divisor of 74 and 2?
2
Calculate the highest common divisor of 22 and 1793.
11
What is the greatest common divisor of 81 and 10449?
81
What is the highest common divisor of 2 and 17?
1
What is the highest common divisor of 1260 and 336?
84
What is the greatest common factor of 525 and 5425?
175
What is the highest common factor of 385 and 140?
35
What is the greatest common factor of 196 and 294?
98
Calculate the greatest common factor of 176 and 256.
16
Calculate the greatest common factor of 248 and 155.
31
What is the greatest common factor of 9729 and 414?
207
Calculate the highest common factor of 252 and 2376.
36
What is the greatest common divisor of 33 and 781?
11
What is the highest common divisor of 11 and 5137?
11
What is the greatest common factor of 880 and 803?
11
Calculate the greatest common divisor of 88 and 1400.
8
Calculate the greatest common divisor of 33 and 48.
3
Calculate the highest common factor of 24 and 138.
6
What is the highest common factor of 92 and 161?
23
Calculate the greatest common factor of 4220 and 80.
20
Calculate the greatest common divisor of 585 and 1575.
45
Calculate the greatest common factor of 5 and 480.
5
Calculate the greatest common divisor of 1863 and 483.
69
What is the greatest common divisor of 44 and 22?
22
What is the greatest common divisor of 4170 and 30?
30
Calculate the highest common divisor of 1 and 19.
1
What is the highest common factor of 89 and 2759?
89
What is the greatest common factor of 2790 and 27?
9
What is the highest common divisor of 480 and 140?
20
What is the highest common factor of 3672 and 513?
27
What is the highest common factor of 276 and 1518?
138
Calculate the highest common divisor of 17 and 13991.
17
What is the greatest common divisor of 2175 and 15?
15
Calculate the highest common factor of 510 and 40.
10
Calculate the highest com